+ 1)/4. Suppose y - x = -y. Give j(y).
5
Suppose 21*i + 100 + 47 = 0. Let v(c) = -2*c - 5. Give v(i).
9
Let r(f) = f**2 + 4*f - 2. Let b = -11 + 6. Let t be r(b). Let g(d) be the third derivative of -d**4/12 + 2*d**3/3 - 6*d**2 + 2. Calculate g(t).
-2
Let l(k) = -17*k + 2. Let y(s) = 11*s - 3. Let t(x) = -2*l(x) - 3*y(x). What is t(7)?
12
Let p(m) = -m**3 + 5*m**2 - 4*m + 1. Let q(n) = n**2 - 6*n + 8. Let f be q(5). What is p(f)?
7
Let s = 359 + -355. Let c(k) = -k**3 - k + 4. Let h(n) = n**3 + n**2 + 2*n - 4. Let u(w) = -4*c(w) - 3*h(w). What is u(s)?
4
Let k(f) = -f**3 + 6*f**2 - 6. Let r(l) = 4*l + 14. Let m be r(6). Suppose 0 = -8*z + 10 + m. Give k(z).
-6
Let n(r) be the first derivative of r**3/3 + 7*r**2/2 - 4*r + 133. Give n(-7).
-4
Suppose -15*f = 127 + 23. Let w(m) = 2*m**3 + 19*m**2 - 12*m - 14. What is w(f)?
6
Let t(o) = -5*o + 1. Let p = 414 + -415. Determine t(p).
6
Let w(a) = a**2 + 13*a - 6. Let l(n) = -15*n + 658 - 12*n - 647 - 2*n**2. Let t(m) = -4*l(m) - 9*w(m). Determine t(-7).
24
Let g(k) = k**3 + k**2 - 1. Let d(w) = 3*w**3 - 4*w**2 + 4*w. Let q(p) = -d(p) + 2*g(p). Give q(5).
3
Suppose 11*z - 13*z = 5*x + 5, x - 16 = 3*z. Let t(w) = 7*w. Calculate t(x).
7
Let b(h) = -1. Let x(w) = 3*w + 10. Suppose -2 = 2*r - 0. Let a(m) = m. Let o(t) = r*x(t) + 4*a(t). Let d(p) = -6*b(p) + o(p). Give d(6).
2
Let v(x) = x**2 - 4*x + 5. Let n(u) = 4*u + 1. Let z be n(2). Suppose 4*k + z = g, g + 5*k + 25 = 5*g. Give v(g).
10
Let x(h) = -2*h**2 - 16*h - 18. Let r be x(-7). Let y(l) = -5*l - 17. Give y(r).
3
Let n(d) be the first derivative of d**4/24 - 13*d**2/2 - 14. Let w(j) be the second derivative of n(j). Determine w(-9).
-9
Let g(n) be the second derivative of n**7/840 + n**6/40 - 5*n**4/24 - 17*n**3/3 - 10*n. Let i(b) be the second derivative of g(b). Give i(-9).
-5
Let j be 1515/21 + 2/(-14). Let i(q) = 4*q - j*q**2 - 2 - 70*q**2 + 137*q**2. Determine i(2).
-14
Let j be (-4 - -1 - -1)/(5 + -3). Let r(f) = -f - 1. Let a(z) = -5*z**2 - 1. Let c(p) = j*a(p) + 2*r(p). What is c(-1)?
6
Let x be -8*(0 + 8 - 9). Let k(o) = -5*o - 18. Let z(l) = -2*l - 6. Let s(a) = 3*k(a) - 8*z(a). Calculate s(x).
2
Let a(b) = 2*b**3 - 21*b**2 - 11*b - 7. Let s be a(11). Let d(v) = 3*v - 4*v - v + 0 - 1. Give d(s).
13
Let q(v) = v**2 + 15*v + 21. Let r be q(-14). Let i(g) = g**2 - 7*g + 10. Determine i(r).
10
Suppose 3*h + 56 = -2*h + 3*z, -4*z = -5*h - 58. Let v = h - -12. Let j(f) = -f**3 + 3*f**2 - f + 2. Determine j(v).
4
Suppose 7*a = -26 + 75. Let b(z) = 2*z - 4*z + 11*z - a - 8*z. Determine b(3).
-4
Let m be 2/9 + 364/63. Let i be -3 + -1 + m/2. Let n(z) be the third derivative of -z**4/3 + z**3/6 + 2*z**2. Give n(i).
9
Let o(q) = -q**3 + 5*q**2 - q - 7. Let k = -5 + 10. Determine o(k).
-12
Suppose -4*x - 10 = 6*z - 5*z, 5*z = -5*x - 5. Let t(y) = 1 + 2*y - 1 + 2*y + 5 - y**z. What is t(5)?
0
Suppose 4*w + 4*b = 0, -2*w + 4*b = -15 - 15. Suppose w*q - 86 = -56. Let o(v) = -v**2 + 6*v + 4. Give o(q).
4
Suppose 2*a = -2*a + 3*p, 3*a - 2*p = 0. Let k = -1 + a. Let w(q) = 3*q - 9. Let h(c) = -3*c + 7. Let n(u) = -5*h(u) - 4*w(u). Give n(k).
-2
Let o(v) = v**3 + 9*v**2 + 4. Let p be o(-9). Suppose 10*x - 6*x = 8. Let t(i) = 6*i - 2 - 5*i**2 - 2*i**x + 5*i**2 + i**2. What is t(p)?
6
Let t be 0 - 4*40/(-32). Let i(z) be the first derivative of -5/2*z**2 + z - t - 1/4*z**4 + 5/3*z**3. Calculate i(4).
-3
Let u(l) = 2*l**3 - 3*l**2 + 3*l - 3. Let f(v) = -v**3 - v**2 - v. Let m(r) = -3*f(r) - u(r). Suppose 4*n - 187 = 177. Let b = 85 - n. Give m(b).
3
Let u be (-1)/4 + (-42)/(-8). Suppose 36 = 4*b + 4*l, -2*b - 4*l = 3*b - 41. Let m(q) = -q - 1 + b + 3. What is m(u)?
2
Suppose 5*c = 3*c. Let v(a) be the third derivative of -a**7/5040 - a**6/60 - 7*a**5/30 - a**2. Let z(r) be the third derivative of v(r). What is z(c)?
-12
Let h(u) = 36*u - 1. Let t(k) = 33*k - 1. Let j(f) = -5*h(f) + 6*t(f). Give j(-2).
-37
Let i(h) = -h**3 - 15*h**2 - 13*h + 19. Suppose -6*d + 87 = 171. Determine i(d).
5
Let s(o) be the third derivative of o**5/60 - o**4/4 - 7*o**3/6 + 11*o**2. Let v = 12 + -7. What is s(v)?
-12
Let o = 25 - 19. Let f(l) = 12*l**2 - 23*l**2 - 8*l + o*l**2 + 9 + l**3. Give f(6).
-3
Let q(j) = -j**3 - 3*j**2 + 4. Let s be q(-3). Suppose -v = -s*v + 3. Let h(x) = v - 4 + x**2 + 6*x + 5. Give h(-5).
-3
Let h(m) = 2*m**2 + 3. Let r(u) = u**2 + 2. Let f be 4*(-4)/(-4) - 1. Let a(c) = f*r(c) - 2*h(c). Determine a(0).
0
Let f(n) be the third derivative of -n**6/720 + n**5/8 - 7*n**4/6 - 3*n**2. Let b(p) be the second derivative of f(p). Determine b(8).
7
Let s(l) = l**3 + 4*l**2 - 12*l - 3. Let o be s(2). Let g(z) = 9*z + 11. What is g(o)?
-16
Let i(x) = -x - 24. Let f(z) = 31*z - 239. Let j be f(7). What is i(j)?
-2
Let a be (18/(-8) - 2/(-8)) + 6. Let t(n) = -2*n**3 + 3*n**2 - 6*n + 3. Let w(d) = 3*d**3 - 5*d**2 + 7*d - 4. Let k(r) = 4*t(r) + 3*w(r). Give k(a).
4
Suppose -2*y = -3*y + 5. Let k be (y*12/15)/(0 + 1). Let g(i) = 3*i**2 + 0*i + i**3 - 2*i**3 + 6*i - 5. What is g(k)?
3
Let b(w) = -w**3 + 2*w**2. Let y be (72/(-168) - (-6)/14) + 1. What is b(y)?
1
Let n(p) be the third derivative of p**5/60 + 7*p**4/24 - p**3/6 - 281*p**2. What is n(-7)?
-1
Let n(a) be the third derivative of a**7/2520 - a**6/720 + a**5/60 + 17*a**4/12 - 44*a**2. Let z(j) be the second derivative of n(j). Determine z(2).
4
Let x(f) = 3*f**3 - 3*f**2 - 4*f - 6. Let r(u) = -2*u**3 + 3*u**2 + 3*u + 4. Let b(w) = -4*r(w) - 3*x(w). Determine b(-2).
-2
Let x = -402 + 403. Let h(k) = -4*k**2 - 3. Let y(c) = c**2 + c. Let r(s) = -s**3 - 6*s**2 - s - 3. Let j be r(-6). Let v(m) = j*y(m) + x*h(m). Calculate v(3).
-3
Let p(t) be the first derivative of t**4/12 + t**2/2 + 5*t + 22. Let w(v) be the first derivative of p(v). Give w(0).
1
Let i(b) = 45*b**2 + 3*b - 16*b**2 - 2*b - 23*b**2. Determine i(1).
7
Suppose -8*v = 16*v - 4*v. Let s(a) = a - 2. What is s(v)?
-2
Let r(x) = -x**3 - 4*x**2 + 3*x + 4. Let o = -24 - -26. Suppose -5*c = -o*n + 17, -2*n - 1 - 2 = -c. Determine r(c).
14
Let h(t) be the third derivative of -7*t**4/24 - t**3/2 + t**2. Suppose -j = -3*m - 1, 54*j = 49*j + 2*m - 8. Give h(j).
11
Let m(h) = 25*h - 28 + 19*h - h**3 - 39*h + h**2 + 43 - 19. Let d(c) = c**2 + 6*c + 3. Let z be d(-6). What is m(z)?
-7
Let j = -5 + 17. Suppose -2*b = 26 + j. Let h be 18 + b - 1*5. Let z(w) = w + 8. Give z(h).
2
Let h(l) = l - 4 + 0*l - 2*l**2 + 4*l. Let n be (-4*(-1)/6)/(1/6). Suppose -12 = -n*o - 0. What is h(o)?
-7
Let w(r) = 9*r**2 - 3*r + 12. Let q(c) = c**2 + 2*c + 2. Let y(l) = -6*q(l) + w(l). Calculate y(5).
0
Let b be 2/8 + 3/(-12). Let p(q) = 214*q**2 + q - 122*q**2 + 9 - 3 - 93*q**2. Give p(b).
6
Let h(t) be the second derivative of t**3/6 + 2*t**2 + 115*t. Determine h(-8).
-4
Let p(w) be the first derivative of w**3/3 - w**2/2 + w + 1. Let n(k) = k**3 + 4*k**2 - 5*k + 16. Let v(u) = -n(u) + 4*p(u). Give v(0).
-12
Let j(t) be the first derivative of -3*t**4/4 - 2*t**3/3 - 3*t**2/2 - 2*t - 332. Determine j(-1).
2
Suppose 4*l = 16, a + 2*a = 4*l - 10. Let w(i) = -3 - 4 - 2*i**2 + i**a - 8*i. Let k be 1/(8/(-48) - 0). Give w(k).
5
Let h(l) = -l**2 - 10*l + 9. Let x(j) = 30*j - 970. Let p be x(32). Give h(p).
9
Let r(c) = 1. Let x(p) = p - 4. Let h be x(3). Let t(i) = i**2 - 5*i + 2. Let s(m) = h*t(m) - 2*r(m). Let n be (12/(-8))/((-39)/(-24) - 2). Determine s(n).
0
Let k = 20 - 13. Let x(w) = -w**2 + 9*w - 14. Let s be x(k). Let h(u) = -u - 3*u**2 - 1 - 2 + 1 + s*u. Give h(-2).
-12
Let f(j) = -10*j**2 - 10*j + 9. Suppose -c = 4*c - 25. Let h(w) = 7*w**2 + 7*w - 6. Let d = 43 - 36. Let t(m) = c*f(m) + d*h(m). Determine t(0).
3
Let k(h) = h. Let u = 14 + -15. Let a be (-2)/((-9)/(-10) + u). Suppose 3*r + 16 = -0*r + 2*n, -2*n = 3*r + a. Determine k(r).
-6
Let y = -4 - -2. Suppose -q + 10 = 3*a - 2*q, 5*a - 5*q - 20 = 0. Let x(v) = -a - 8 + 14 + 4*v - 4. Calculate x(y).
-9
Suppose 3*r = 5*b - 15, -r + 5*b - b - 12 = 0. Let g(s) = s + 2*s**3 + 4*s**3 + 0 - 9 - 5*s**3 - 4*s**2 + 5*s**2. Calculate g(r).
-9
Let g = 5 - 2. Suppose -1 = -g*t - 19. Let j(h) = -h - 1. Let r(k) = -k - 1. Let b(x) = -5*j(x) + 4*r(x). Determine b(t).
-5
Let r(c) = -32*c + 8 + 43*c**2 + 43*c**2 - 87*c**2 + 25*c. Calculate r(-8).
0
Let y(h) = -h + 8. Suppose 5*f = 4*l - 42, -5*l + 2*f + 71 = 27. Suppose -l*k = -7*k 